*o, d - 11 = -v*o. Let n(k) = -k**2 + 7*k + 1. Calculate n(d).
13
Let c(r) = 35*r**3 + 2*r**2 + 2*r + 1. Let x(l) = -l**3 - l + 1. Let j be x(1). Calculate c(j).
-34
Suppose 2*c + 2*m + 33 = -3*c, -2*m = -c - 9. Let y be 1/(c/(-2) + -3). Let d be (-1)/y + 1/(-2). Let t(p) = -7*p. Determine t(d).
7
Let p(i) = -i**2 + 4*i - 3. Suppose 17*j - 2*v - 18 = 13*j, -11 = -3*j + v. Calculate p(j).
1
Suppose a - 66 = -60. Let r(u) = 5*u**2 - 16*u - 3. Let f(l) = -6*l**2 + 17*l + 4. Let b(w) = a*f(w) + 7*r(w). Determine b(-10).
3
Let d(l) = 2*l - 1. Let u(k) = 6*k - 26. Let x be u(5). Let g be x/(-3)*(3 + -6). Calculate d(g).
7
Let f(h) = -h - 7. Let a(y) = 3*y**2 + 10*y - 22*y - y**2 + 5 - 2*y. Let u be a(6). Give f(u).
0
Suppose 3*m + 12 = 0, d + 0*d + 20 = -5*m. Let w(l) be the first derivative of l**2/2 - l - 1. Give w(d).
-1
Suppose 5*x - 23 = -4*a, 4*a + x - 8 - 3 = 0. Let y(p) = p**3 - 7*p - 86*p**a + 94*p**2 + 7 - 2*p**3. Determine y(7).
7
Let f be ((-2 - -14) + 0)*2/4. Suppose 5*r = 2*x - x - 13, 3*r + f = 0. Let j(h) = -h**3 + 4*h**2 - 3*h + 1. Calculate j(x).
1
Let d = 2 - 1. Let j be (-3 - (2 - -2)) + d. Let p(h) = 5 + 1 + 0*h**3 + h**3 + 6*h**2 + h. Determine p(j).
0
Suppose 18*g - 15*g - 4*u - 3 = 0, -4*u = -12. Let k(n) = -3*n + 2. Determine k(g).
-13
Let l(y) = -y - 2. Let s be -6*(-22)/(-27) - 17/153. Calculate l(s).
3
Let g(t) be the second derivative of t**4/12 + 3*t**3 + 13*t**2/2 - 99*t. Determine g(-18).
13
Let g(f) = -19*f**2 + 46*f - 130. Let v(y) = -7*y**2 + 15*y - 43. Let w(s) = 4*g(s) - 11*v(s). What is w(-21)?
-5
Let v be 11/44 - 30/(-8). Suppose 6*s - v*s = 10. Let c(f) = -f - 4. Calculate c(s).
-9
Let a(w) = 3*w - 14. Let m = -226 + 232. Calculate a(m).
4
Let x = -1884 + 1896. Let c(t) = -t**2 + 14*t - 30. What is c(x)?
-6
Let s be ((7 - 3) + -3)*-8. Let g(n) = 11 - 16*n + 17*n - 4. Give g(s).
-1
Let h(c) = 3*c**2 + 11*c + 1. Let x(k) = 3*k**2 + 24*k + 3. Let a(d) = -d**2 + d + 1. Let r(j) = -2*a(j) + x(j). Let g(w) = -7*h(w) + 4*r(w). Determine g(6).
27
Let y be -5 - -2 - (-1 - 2). Let k(w) = -11*w**3 + 9*w + 21. Let g(l) = 5*l**3 - 4*l - 10. Let b(z) = 9*g(z) + 4*k(z). Give b(y).
-6
Let f(w) be the third derivative of -w**7/840 - w**6/60 + w**5/15 + w**4/3 + 19*w**3/6 + 15*w**2. Let c(u) be the first derivative of f(u). Give c(-7).
1
Let r be 24/(-16)*56/(-6). Let q = -11 + r. Let o(w) = 4 - 2*w + 1 + q*w. What is o(-5)?
0
Let t(x) = x**2 + 13*x + 5. Let p be t(-12). Let b(i) = -19*i + 5*i + 12*i + 4. Calculate b(p).
18
Let y(k) = 3*k - 4 - 2 + 0*k. Suppose 0 = 5*x - 5*r - 35, -5*r + 4*r = 3. Suppose 3*n - 2*b = 16, -2*n - x*b = -3*n + 12. Calculate y(n).
6
Suppose -6*h = -2*h + 12. Let k(y) = y + 5. Let i be k(h). Let c(o) = -o**3 - 2*o**2 + 4*o - 3. Determine c(i).
-11
Let r(f) = f + 0*f - 23 + 0*f + 24. Let w(z) = z + 3. Let j(s) = 5*r(s) - 2*w(s). Let c be 1 + -2 + 6/3. What is j(c)?
2
Let t(n) = n + 7. Let r(v) = -v**2 - 8*v + 3. Let c be r(-6). Suppose 0 = 3*s - c + 78. Let b be 58/(-7) + (-6)/s. Give t(b).
-1
Let i(p) = p**3 + 10*p**2 + 26*p + 36. Let u be i(-7). Let z(o) = o**3 - 2*o**2 + o - 1. Determine z(u).
-1
Let y = -611 + 617. Let f(g) = 4*g + 5. Determine f(y).
29
Let w(n) be the second derivative of -n**7/2520 - n**6/360 + n**5/120 - n**4/3 + 6*n. Let b(a) be the third derivative of w(a). Calculate b(1).
-2
Let j(t) be the first derivative of -8*t**3/3 + t**2/2 + 1. Let y = -202 - -201. What is j(y)?
-9
Let i(o) = -6*o + 3. Let b be i(-2). Let w be 12/(-30) + (-69)/b. Let h(c) = c. What is h(w)?
-5
Let b(l) = 2*l + 6. Let w = -291 + 283. Give b(w).
-10
Suppose -35 = -5*l - v, 10 = 2*l + v - 4. Let g(y) = -y**3 + 7*y**2 - 10*y + 2. Give g(l).
-68
Let a(u) = -5*u + 69*u**3 + 6*u**2 - 208*u**3 + 72*u**3 - 4 + 66*u**3. Give a(5).
-4
Let q = 62 - 59. Let y(i) be the second derivative of -i**3/6 - 4*i. Calculate y(q).
-3
Let a(d) = d**3 + 11*d**2 + 9*d - 11. Let b = 405 + -415. Determine a(b).
-1
Let w(p) be the third derivative of -1/60*p**5 - 5/6*p**3 - 13*p**2 + 0*p + 0 + 1/8*p**4. Calculate w(6).
-23
Let b(o) = o**2 - 5*o + 5. Let j = 17 - 15. Suppose 2*i - 6 = j*f + 8, -5*f = -i + 19. Give b(i).
1
Let s be (-11)/(-3) + 4/(-6). Let i(p) be the first derivative of -p**4/4 + p**3 - 3*p**2/2 - 34. Calculate i(s).
-9
Let a(k) = -k + 6. Let v be a(7). Let n(r) = -r**3 - r**2 - 1. Determine n(v).
-1
Let u(g) = 18*g - 7. Let p be u(6). Let s = p + -107. Let h(i) = i + 2. Calculate h(s).
-4
Suppose -8*i = -0 - 48. Let b(l) = -l**2 + 4*l + 11. Give b(i).
-1
Let v(m) = 35*m + 7. Let h(s) = 12*s + 2. Let q(a) = 3*h(a) - v(a). Suppose r - 3 = -d - r, 2*r - 9 = d. Determine q(d).
-4
Let c(t) be the first derivative of -t**5/10 - t**4/12 + t**2/2 + 13*t - 23. Let o(p) be the first derivative of c(p). Give o(-1).
2
Let g(d) = -d. Let p(v) = v**3 + 4*v**2 - v. Let z(a) = 5*g(a) - p(a). Let m(l) = -4*l**2 - 147*l - 147. Let q be m(-1). Calculate z(q).
16
Let s(b) = -10 + 12 - 8*b - 3*b**2 + b**3 + 5 - 4*b**2. Suppose 97 = 15*f - 23. What is s(f)?
7
Let a(b) = -b**3 + 9*b**2 - 7*b - 5. Let m be ((-36)/(-30))/((-4)/10). Let r be (5 - 1)/(m/(-6)). Determine a(r).
3
Suppose 14*h - 27*h + 13 = 0. Let c(x) = -11*x**2 + x. Give c(h).
-10
Let f(m) = 351*m - m**3 - 5*m**2 + 2 + 344*m - 698*m. Let j = -8 - -4. Determine f(j).
-2
Let q be 1 + (20/((-2)/1) - -2). Let f(z) be the second derivative of -z**4/12 - 7*z**3/6 + z**2 + 2*z - 18. Calculate f(q).
2
Let w = 3 + 2. Suppose -21 = w*a - 61. Let y(b) = b - 3. Give y(a).
5
Let w(g) = -g**3 + g**2 - 12*g - 4. Let b(a) = a**2 + 2*a + 2. Let l(j) = 3*b(j) + w(j). What is l(5)?
-53
Suppose -5 - 25 = -5*w. Let u be 0*(3 - (-4 + w)). Let k(l) be the second derivative of l**3/6 + 3*l**2 + l. Determine k(u).
6
Let d(o) = -6*o - 6. Let a be d(-2). Let j(s) = -1. Suppose -3 = 5*l + 2. Let z(n) = -n**3 + 5*n**2 - n - 7. Let i(m) = a*j(m) + l*z(m). What is i(3)?
-14
Let a(l) = 5*l + 3. Let b(y) = y - 1. Suppose -10 = 13*o + 3. Let v(d) = o*a(d) + 2*b(d). What is v(-5)?
10
Let d = -4 - -6. Let v(l) = l**2 + 6*l + 7. Let m be v(-5). Let b(c) = -d*c**m - c + 3*c**2 + 3*c + 4*c + 3. Calculate b(-6).
3
Let p be -3 + (3 - 0/5). Suppose p = -2*k + 15 - 39. Let v = k - -11. Let j(o) = 6*o**2. Give j(v).
6
Let n(w) = 8*w**2 - 1. Let y(g) = g**2 - 20*g + 25. Let q(m) = -m + 5 - 9 + 3. Let z(o) = -4*q(o) + y(o). Let r be z(14). What is n(r)?
7
Let z(f) = -3*f**2 + 3 + 2*f**2 - f - 3 + 1. Let b(v) = v**3 - 10*v**2 - 8*v + 10. Let q be b(11). Let x = q + -43. What is z(x)?
1
Let y(d) = d**3 - 9*d**2 - 2*d + 4. Let a(r) = 19*r**2 + 7*r + r**3 - 9 - 3*r + r - 3*r**3. Let x(q) = 4*a(q) + 9*y(q). Let s be 20/15 - (-2)/3. Determine x(s).
-8
Let k(r) = r - 3. Let p(f) = -f + 14. Let o(m) = -2*k(m) - p(m). Give o(-3).
-5
Let z(l) = 2*l**2 - 9*l + 6. Let i be (9/1)/(4/(-36)). Let f = i + 87. Give z(f).
24
Let u(q) = -q**2 + q + 41. Let r(p) = p**2 - 2*p - 81. Let l(n) = r(n) + 2*u(n). Let c be (3 - 0) + (0 - 0). Calculate l(c).
-8
Let s(m) be the first derivative of -2/3*m**3 + 3/2*m**2 + 24 + 0*m. Determine s(3).
-9
Let i(b) = -b**2 - 7*b + 5. Suppose 3*k - 400 = -2*k. Suppose 0*q + 4*q = -a + 7, -4*a = 3*q - k. Suppose 2*d - a + 33 = 0. Calculate i(d).
15
Let z(i) = -20*i**2 - 1. Let o be z(-1). Let v = 13 + o. Let u(r) be the second derivative of r**5/20 + 2*r**4/3 - r**3/3 - 9*r**2/2 + 38*r - 1. Give u(v).
7
Let x(a) = -a - 1. Suppose -15 = 5*p + 4*s, 2*p + 12 = -2*p + s. Let v be (p - (-55)/10)*2. Calculate x(v).
-6
Let b(s) = -s**2 + 8*s + 4. Let r be b(8). Let z(x) = -8*x**3 + 7*x**3 - r + 1 + 3*x**2. Let v(j) = -j**3 + 3*j**2 + 10*j + 3. Let m be v(-2). What is z(m)?
-3
Let f(y) = -9*y. Let p be (-5 + 0)*3/30*-2. Give f(p).
-9
Let g(c) = 8*c**3 - 15*c**2 - 4*c - 9. Let a(w) = 11*w**3 - 17*w**2 - 5*w - 8. Let y(t) = 3*a(t) - 4*g(t). Determine y(-9).
3
Let n = 319 - 317. Let l(y) = y**3 - 4*y**2. Determine l(n).
-8
Let a(d) = -25*d + 5 + 20*d - 5. Calculate a(-1).
5
Let f(s) be the second derivative of 2*s**5/5 - s**4/12 - 377*s. What is f(-1)?
-9
Let a = -23 + 25. Let y(c) = a + c + 3*c - 4*c + 4*c. Determine y(-4).
-14
Let s(a) = -4*a**3 - 7*a**2 - 3*a + 4. Let v(d) = 5*d**3 + 9*d**2 + 3*d - 4. Let b(z) = 6*s(z) + 5*v(z). Let l(o) = -4*o + 1. Let k be l(1). Give b(k).
13
Let p(z) = z**3 + 7*z**2 + 5*z. Let